{"id":957,"date":"2026-03-10T20:51:40","date_gmt":"2026-03-10T23:51:40","guid":{"rendered":"https:\/\/mccicm.uff.br\/?page_id=957"},"modified":"2026-03-11T02:53:29","modified_gmt":"2026-03-11T05:53:29","slug":"iduff","status":"publish","type":"page","link":"https:\/\/mccicm.uff.br\/?page_id=957","title":{"rendered":"IdUFF"},"content":{"rendered":"<p>O IdUFF \u00e9 a plataforma de identifica\u00e7\u00e3o digital da Universidade Federal Fluminense, criada para unificar e simplificar o acesso dos membros da comunidade acad\u00eamica aos servi\u00e7os institucionais. Com ele, estudantes, servidores e professores podem autenticar sua identidade de forma segura, acessar sistemas internos, assinar documentos eletr\u00f4nicos e gerenciar informa\u00e7\u00f5es pessoais em um \u00fanico ambiente.<\/p>\n<p><strong>Link de acesso ao IdUFF:<\/strong><\/p>\n<a href='https:\/\/app.uff.br\/iduff\/' class='big-button bigblue' target=\"_blank\">Acesso IdUFF<\/a>\n","protected":false},"excerpt":{"rendered":"<p>O IdUFF \u00e9 a plataforma de identifica\u00e7\u00e3o digital da Universidade Federal Fluminense, criada para unificar e simplificar o acesso dos membros da comunidade acad\u00eamica aos servi\u00e7os institucionais. Com ele, estudantes, servidores e professores podem autenticar sua identidade de forma segura, acessar sistemas internos, assinar documentos eletr\u00f4nicos e gerenciar informa\u00e7\u00f5es pessoais em um \u00fanico ambiente. Link [&hellip;]<\/p>\n","protected":false},"author":106,"featured_media":0,"parent":0,"menu_order":0,"comment_status":"closed","ping_status":"closed","template":"","meta":{"_et_pb_use_builder":"","_et_pb_old_content":"","_et_gb_content_width":"","footnotes":""},"class_list":["post-957","page","type-page","status-publish","hentry"],"_links":{"self":[{"href":"https:\/\/mccicm.uff.br\/index.php?rest_route=\/wp\/v2\/pages\/957","targetHints":{"allow":["GET"]}}],"collection":[{"href":"https:\/\/mccicm.uff.br\/index.php?rest_route=\/wp\/v2\/pages"}],"about":[{"href":"https:\/\/mccicm.uff.br\/index.php?rest_route=\/wp\/v2\/types\/page"}],"author":[{"embeddable":true,"href":"https:\/\/mccicm.uff.br\/index.php?rest_route=\/wp\/v2\/users\/106"}],"replies":[{"embeddable":true,"href":"https:\/\/mccicm.uff.br\/index.php?rest_route=%2Fwp%2Fv2%2Fcomments&post=957"}],"version-history":[{"count":2,"href":"https:\/\/mccicm.uff.br\/index.php?rest_route=\/wp\/v2\/pages\/957\/revisions"}],"predecessor-version":[{"id":959,"href":"https:\/\/mccicm.uff.br\/index.php?rest_route=\/wp\/v2\/pages\/957\/revisions\/959"}],"wp:attachment":[{"href":"https:\/\/mccicm.uff.br\/index.php?rest_route=%2Fwp%2Fv2%2Fmedia&parent=957"}],"curies":[{"name":"wp","href":"https:\/\/api.w.org\/{rel}","templated":true}]}}