{"id":941,"date":"2026-03-10T20:27:05","date_gmt":"2026-03-10T23:27:05","guid":{"rendered":"https:\/\/mccicm.uff.br\/?page_id=941"},"modified":"2026-03-10T20:57:44","modified_gmt":"2026-03-10T23:57:44","slug":"cadastramento-crc-rj","status":"publish","type":"page","link":"https:\/\/mccicm.uff.br\/?page_id=941","title":{"rendered":"Cadastramento CRC-RJ"},"content":{"rendered":"<p>A p\u00e1gina de Pr\u00e9\u2011Registro de Estudante do CRC\u2011RJ foi criada para facilitar a aproxima\u00e7\u00e3o entre futuros profissionais da \u00e1rea cont\u00e1bil e o Conselho Regional de Contabilidade do Rio de Janeiro. Por meio deste cadastro, estudantes de Ci\u00eancias Cont\u00e1beis podem registrar oficialmente seu v\u00ednculo acad\u00eamico, garantindo acesso a informa\u00e7\u00f5es, eventos, oportunidades e iniciativas voltadas ao desenvolvimento t\u00e9cnico e \u00e0 integra\u00e7\u00e3o com o mercado. O pr\u00e9\u2011registro funciona como um primeiro passo para quem deseja se inserir no ambiente profissional da contabilidade, fortalecendo sua forma\u00e7\u00e3o e ampliando sua participa\u00e7\u00e3o na comunidade cont\u00e1bil do estado.<\/p>\n<p>&nbsp;<\/p>\n<p><strong>\ud83d\udd17 Link para o Pr\u00e9-registro dos estudantes de Ci\u00eancias Cont\u00e1beis no CRC-RJ:<\/strong><\/p>\n<a href='https:\/\/www.crc.org.br\/departamento\/depregis\/pre-registro-de-estudante.asp' class='small-button smallblue' target=\"_blank\">Pr\u00e9-Registro de estudante no CRC-RJ<\/a>\n<p><img loading=\"lazy\" decoding=\"async\" class=\"alignnone size-medium wp-image-943\" src=\"http:\/\/mccicm.uff.br\/wp-content\/uploads\/sites\/79\/2026\/03\/WhatsApp-Image-2026-03-10-at-8.27.29-PM-300x70.jpeg\" alt=\"Logo CRC-RJ\/ Depto de Registros\" width=\"300\" height=\"70\" srcset=\"https:\/\/mccicm.uff.br\/wp-content\/uploads\/sites\/79\/2026\/03\/WhatsApp-Image-2026-03-10-at-8.27.29-PM-300x70.jpeg 300w, https:\/\/mccicm.uff.br\/wp-content\/uploads\/sites\/79\/2026\/03\/WhatsApp-Image-2026-03-10-at-8.27.29-PM.jpeg 335w\" sizes=\"(max-width: 300px) 100vw, 300px\" \/><\/p>\n<p>&nbsp;<\/p>\n","protected":false},"excerpt":{"rendered":"<p>A p\u00e1gina de Pr\u00e9\u2011Registro de Estudante do CRC\u2011RJ foi criada para facilitar a aproxima\u00e7\u00e3o entre futuros profissionais da \u00e1rea cont\u00e1bil e o Conselho Regional de Contabilidade do Rio de Janeiro. Por meio deste cadastro, estudantes de Ci\u00eancias Cont\u00e1beis podem registrar oficialmente seu v\u00ednculo acad\u00eamico, garantindo acesso a informa\u00e7\u00f5es, eventos, oportunidades e iniciativas voltadas ao desenvolvimento [&hellip;]<\/p>\n","protected":false},"author":106,"featured_media":943,"parent":0,"menu_order":0,"comment_status":"closed","ping_status":"closed","template":"","meta":{"_et_pb_use_builder":"","_et_pb_old_content":"","_et_gb_content_width":"","footnotes":""},"class_list":["post-941","page","type-page","status-publish","has-post-thumbnail","hentry"],"_links":{"self":[{"href":"https:\/\/mccicm.uff.br\/index.php?rest_route=\/wp\/v2\/pages\/941","targetHints":{"allow":["GET"]}}],"collection":[{"href":"https:\/\/mccicm.uff.br\/index.php?rest_route=\/wp\/v2\/pages"}],"about":[{"href":"https:\/\/mccicm.uff.br\/index.php?rest_route=\/wp\/v2\/types\/page"}],"author":[{"embeddable":true,"href":"https:\/\/mccicm.uff.br\/index.php?rest_route=\/wp\/v2\/users\/106"}],"replies":[{"embeddable":true,"href":"https:\/\/mccicm.uff.br\/index.php?rest_route=%2Fwp%2Fv2%2Fcomments&post=941"}],"version-history":[{"count":4,"href":"https:\/\/mccicm.uff.br\/index.php?rest_route=\/wp\/v2\/pages\/941\/revisions"}],"predecessor-version":[{"id":963,"href":"https:\/\/mccicm.uff.br\/index.php?rest_route=\/wp\/v2\/pages\/941\/revisions\/963"}],"wp:featuredmedia":[{"embeddable":true,"href":"https:\/\/mccicm.uff.br\/index.php?rest_route=\/wp\/v2\/media\/943"}],"wp:attachment":[{"href":"https:\/\/mccicm.uff.br\/index.php?rest_route=%2Fwp%2Fv2%2Fmedia&parent=941"}],"curies":[{"name":"wp","href":"https:\/\/api.w.org\/{rel}","templated":true}]}}

<p>A página de Pré‑Registro de Estudante do CRC‑RJ foi criada para facilitar a aproximação entre futuros profissionais da área contábil e o Conselho Regional de Contabilidade do Rio de Janeiro. Por meio deste cadastro, estudantes de Ciências Contábeis podem registrar oficialmente seu vínculo acadêmico, garantindo acesso a informações, eventos, oportunidades e iniciativas voltadas ao desenvolvimento técnico e à integração com o mercado. O pré‑registro funciona como um primeiro passo para quem deseja se inserir no ambiente profissional da contabilidade, fortalecendo sua formação e ampliando sua participação na comunidade contábil do estado.</p>
<p>&nbsp;</p>
<p><strong>🔗 Link para o Pré-registro dos estudantes de Ciências Contábeis no CRC-RJ:</strong></p>
<a href='https://www.crc.org.br/departamento/depregis/pre-registro-de-estudante.asp' class='small-button smallblue' target="_blank">Pré-Registro de estudante no CRC-RJ</a>
<p><img loading="lazy" decoding="async" class="alignnone size-medium wp-image-943" src="http://mccicm.uff.br/wp-content/uploads/sites/79/2026/03/WhatsApp-Image-2026-03-10-at-8.27.29-PM-300x70.jpeg" alt="Logo CRC-RJ/ Depto de Registros" width="300" height="70" srcset="https://mccicm.uff.br/wp-content/uploads/sites/79/2026/03/WhatsApp-Image-2026-03-10-at-8.27.29-PM-300x70.jpeg 300w, https://mccicm.uff.br/wp-content/uploads/sites/79/2026/03/WhatsApp-Image-2026-03-10-at-8.27.29-PM.jpeg 335w" sizes="(max-width: 300px) 100vw, 300px" /></p>
<p>&nbsp;</p>

<p>A página de Pré‑Registro de Estudante do CRC‑RJ foi criada para facilitar a aproximação entre futuros profissionais da área contábil e o Conselho Regional de Contabilidade do Rio de Janeiro. Por meio deste cadastro, estudantes de Ciências Contábeis podem registrar oficialmente seu vínculo acadêmico, garantindo acesso a informações, eventos, oportunidades e iniciativas voltadas ao desenvolvimento [&hellip;]</p>
