{"id":932,"date":"2026-03-10T19:19:35","date_gmt":"2026-03-10T22:19:35","guid":{"rendered":"https:\/\/mccicm.uff.br\/?page_id=932"},"modified":"2026-03-26T20:14:26","modified_gmt":"2026-03-26T23:14:26","slug":"monitoria","status":"publish","type":"page","link":"https:\/\/mccicm.uff.br\/?page_id=932","title":{"rendered":"Monitoria"},"content":{"rendered":"<p>A monitoria na UFF \u00e9 uma atividade acad\u00eamica que integra estudantes de gradua\u00e7\u00e3o ao processo de ensino, permitindo que atuem como colaboradores no apoio \u00e0s disciplinas, sob orienta\u00e7\u00e3o de docentes. Seu objetivo \u00e9 fortalecer a forma\u00e7\u00e3o acad\u00eamica, estimular o desenvolvimento de habilidades did\u00e1ticas e aprofundar conhecimentos te\u00f3ricos e pr\u00e1ticos. Por meio da monitoria, a universidade promove a melhoria da qualidade do ensino, amplia a intera\u00e7\u00e3o entre estudantes e professores e incentiva a participa\u00e7\u00e3o ativa dos discentes na vida acad\u00eamica.<\/p>\n<p>Nessa p\u00e1gina voc\u00ea poder\u00e1 encontrar informa\u00e7\u00f5es sobre as disciplinas que disp\u00f5em de monitores, os processos seletivos para monitores bolsistas e volunt\u00e1rios e os hor\u00e1rios das monitorias.<\/p>\n<hr style=\"border: 1px solid #ddd\" \/>\n<h2 dir=\"auto\"><strong>MONITORIAS EM 2026<\/strong><\/h2>\n<h3 dir=\"auto\"><\/h3>\n<h3 dir=\"auto\">MCTP0009 &#8211; Monitoria em Contabilidade de Custos<\/h3>\n<div dir=\"auto\">Professor Orientador: Maycon<\/div>\n<div dir=\"auto\"><\/div>\n<div dir=\"auto\">\n<h4 dir=\"auto\"><strong>PROCESSO SELETIVO 2026<\/strong><\/h4>\n<div dir=\"auto\"><b>Vaga destinada \u00e0 ampla concorr\u00eancia.<\/b><br \/>\nIn\u00edcio das inscri\u00e7\u00f5es: 18\/03\/2026<br \/>\nFim das inscri\u00e7\u00f5es: 23\/03\/2026<br \/>\nEntrevista: 25\/03\/2026<\/div>\n<div dir=\"auto\"><\/div>\n<div dir=\"auto\"><strong>EDITAL:<\/strong><\/div>\n<div dir=\"auto\"><a href='' class='small-button smallblue' target=\"_blank\">Edital de Monitoria em Contabilidade de Custos<\/a><\/div>\n<\/div>\n<div dir=\"auto\"><\/div>\n<hr style=\"border: 1px solid #ddd\" \/>\n<h3 dir=\"auto\">MCTP0007\u00a0 &#8211; Monitoria em Fundamentos de Estat\u00edstica Aplicada e M\u00e9todos Quantitativos Aplicados<\/h3>\n<div dir=\"auto\">Professora Orientadora: Monique<\/div>\n<div dir=\"auto\"><\/div>\n<h4 dir=\"auto\"><strong>PROCESSO SELETIVO 2026<\/strong><\/h4>\n<div dir=\"auto\"><b>Vaga destinada exclusivamente para alunos que ingressaram por meio de a\u00e7\u00f5es afirmativas.<\/b><br \/>\nIn\u00edcio das inscri\u00e7\u00f5es: 16\/03\/2026<br \/>\nFim das inscri\u00e7\u00f5es: 19\/03\/2026<br \/>\nProva te\u00f3rica: 20\/03\/2026\u00a0das 16:00 \u00e0s 18:00 horas<br \/>\nEntrevista: 23\/03\/2026 (a partir das 14:00, a confirmar)<\/div>\n<div dir=\"auto\"><\/div>\n<div dir=\"auto\"><strong>EDITAL:<\/strong><\/div>\n<div dir=\"auto\"><a href='http:\/\/mccicm.uff.br\/wp-content\/uploads\/sites\/79\/2026\/03\/Edital_Monitoria_Estatistica_e_Metodos_Quantitativos_2026_assinado.pdf' class='small-button smallblue' target=\"_blank\">Edital de Monitoria em Fundamentos de Estat\u00edstica Aplicada e M\u00e9todos Quantitativos Aplicados<\/a><\/div>\n<hr style=\"border: 1px solid #ddd\" \/>\n<h3 dir=\"auto\">MCTP0006 &#8211; Monitoria em Fundamentos de Matem\u00e1tica Aplicada e Matem\u00e1tica Financeira Aplicada<\/h3>\n<div dir=\"auto\">\u00a0Professora Orientadora: Monique<\/div>\n<div dir=\"auto\"><\/div>\n<h4 dir=\"auto\"><strong>PROCESSO SELETIVO 2026<\/strong><\/h4>\n<div dir=\"auto\"><b>Vaga destinada \u00e0 ampla concorr\u00eancia.<\/b><br \/>\nIn\u00edcio das inscri\u00e7\u00f5es: 16\/03\/2026<br \/>\nFim das inscri\u00e7\u00f5es: 19\/03\/2026<br \/>\nProva te\u00f3rica: 20\/03\/2026\u00a0das 16:00 \u00e0s 18:00 horas<br \/>\nEntrevista: 23\/03\/2026 (a partir das 14:00, a confirmar)<\/div>\n<div dir=\"auto\"><\/div>\n<div dir=\"auto\"><strong>EDITAL:<\/strong><\/div>\n<div dir=\"auto\"><a href='http:\/\/mccicm.uff.br\/wp-content\/uploads\/sites\/79\/2026\/03\/Edital_Monitoria_Matematica_e_Matematica_Financeira_2026_assinado-1.pdf' class='small-button smallblue' target=\"_blank\">Edital de Monitoria em Fundamentos de Matem\u00e1tica Aplicada e matem\u00e1tica Financeira Aplicada<\/a><\/div>\n<hr style=\"border: 1px solid #ddd\" \/>\n<h3 dir=\"auto\">\u00a0MCTP0005 &#8211; Contabilidade Tribut\u00e1ria<\/h3>\n<div dir=\"auto\">Professora Orientadora: Millena<\/div>\n<div dir=\"auto\"><\/div>\n<div dir=\"auto\">\n<h4 dir=\"auto\"><strong>PROCESSO SELETIVO 2026<\/strong><\/h4>\n<div dir=\"auto\"><b>Vaga destinada exclusivamente para alunos que ingressaram por meio de a\u00e7\u00f5es afirmativas.<\/b><br \/>\nIn\u00edcio das inscri\u00e7\u00f5es: 06\/04\/2026<br \/>\nFim das inscri\u00e7\u00f5es: 10\/04\/2026<br \/>\nEntrevista: 14\/04\/2026 (a partir das 15:00, a confirmar)<\/div>\n<div dir=\"auto\"><\/div>\n<div dir=\"auto\"><strong>EDITAL:<\/strong><\/div>\n<\/div>\n<div dir=\"auto\"><a href='http:\/\/mccicm.uff.br\/wp-content\/uploads\/sites\/79\/2026\/03\/Contabilidade_Tributaria_v1.pdf' class='small-button smallblue' target=\"_blank\">Edital de Monitoria em Contabilidade Tribut\u00e1ria<\/a><\/div>\n<hr style=\"border: 1px solid #ddd\" \/>\n<h3 dir=\"auto\">\u00a0MCTP0004 &#8211; Economia<\/h3>\n<div dir=\"auto\">\u00a0Professor Orientador: Carlos Renato<\/div>\n<div dir=\"auto\">Sem monitor<\/div>\n<div dir=\"auto\"><\/div>\n<hr style=\"border: 1px solid #ddd\" \/>\n<h3 dir=\"auto\">\u00a0MCTA0002\u00a0 &#8211; Contabilidade Comercial e Contabilidade Geral<\/h3>\n<div dir=\"auto\">\u00a0Professor Orientador: Gabriel<\/div>\n<div dir=\"auto\">Sem monitor<\/div>\n<div dir=\"auto\"><\/div>\n<hr style=\"border: 1px solid #ddd\" \/>\n<h3 dir=\"auto\">MCTA0001 &#8211; Introdu\u00e7\u00e3o \u00e0 Contabilidade e Contabilidade Financeira<\/h3>\n<div dir=\"auto\"><b>Vaga destinada exclusivamente para alunos que ingressaram por meio de a\u00e7\u00f5es afirmativas.<\/b><br \/>\nIn\u00edcio das inscri\u00e7\u00f5es: 23\/03\/2026<br \/>\nFim das inscri\u00e7\u00f5es: 26\/03\/2026<br \/>\nEntrevista: 31\/03\/2026<\/div>\n<div dir=\"auto\"><\/div>\n<div dir=\"auto\"><strong>EDITAL:<\/strong><\/div>\n<div dir=\"auto\">Professora Orientadora: Michele<\/div>\n<div dir=\"auto\"><a href='http:\/\/mccicm.uff.br\/wp-content\/uploads\/sites\/79\/2026\/03\/Edital_4.2026_Monitoria_Contabilidade_Introdutoria_e_Contabilidade_Financeira.pdf' class='small-button smallblue' target=\"_blank\">Edital de Monitoria em Introdu\u00e7\u00e3o \u00e0 Contabilidade e Contabilidade Financeira<\/a><\/div>\n","protected":false},"excerpt":{"rendered":"<p>A monitoria na UFF \u00e9 uma atividade acad\u00eamica que integra estudantes de gradua\u00e7\u00e3o ao processo de ensino, permitindo que atuem como colaboradores no apoio \u00e0s disciplinas, sob orienta\u00e7\u00e3o de docentes. Seu objetivo \u00e9 fortalecer a forma\u00e7\u00e3o acad\u00eamica, estimular o desenvolvimento de habilidades did\u00e1ticas e aprofundar conhecimentos te\u00f3ricos e pr\u00e1ticos. Por meio da monitoria, a universidade [&hellip;]<\/p>\n","protected":false},"author":106,"featured_media":0,"parent":0,"menu_order":0,"comment_status":"closed","ping_status":"closed","template":"","meta":{"_et_pb_use_builder":"","_et_pb_old_content":"","_et_gb_content_width":"","footnotes":""},"class_list":["post-932","page","type-page","status-publish","hentry"],"_links":{"self":[{"href":"https:\/\/mccicm.uff.br\/index.php?rest_route=\/wp\/v2\/pages\/932","targetHints":{"allow":["GET"]}}],"collection":[{"href":"https:\/\/mccicm.uff.br\/index.php?rest_route=\/wp\/v2\/pages"}],"about":[{"href":"https:\/\/mccicm.uff.br\/index.php?rest_route=\/wp\/v2\/types\/page"}],"author":[{"embeddable":true,"href":"https:\/\/mccicm.uff.br\/index.php?rest_route=\/wp\/v2\/users\/106"}],"replies":[{"embeddable":true,"href":"https:\/\/mccicm.uff.br\/index.php?rest_route=%2Fwp%2Fv2%2Fcomments&post=932"}],"version-history":[{"count":12,"href":"https:\/\/mccicm.uff.br\/index.php?rest_route=\/wp\/v2\/pages\/932\/revisions"}],"predecessor-version":[{"id":1003,"href":"https:\/\/mccicm.uff.br\/index.php?rest_route=\/wp\/v2\/pages\/932\/revisions\/1003"}],"wp:attachment":[{"href":"https:\/\/mccicm.uff.br\/index.php?rest_route=%2Fwp%2Fv2%2Fmedia&parent=932"}],"curies":[{"name":"wp","href":"https:\/\/api.w.org\/{rel}","templated":true}]}}

<p>A monitoria na UFF é uma atividade acadêmica que integra estudantes de graduação ao processo de ensino, permitindo que atuem como colaboradores no apoio às disciplinas, sob orientação de docentes. Seu objetivo é fortalecer a formação acadêmica, estimular o desenvolvimento de habilidades didáticas e aprofundar conhecimentos teóricos e práticos. Por meio da monitoria, a universidade promove a melhoria da qualidade do ensino, amplia a interação entre estudantes e professores e incentiva a participação ativa dos discentes na vida acadêmica.</p>
<p>Nessa página você poderá encontrar informações sobre as disciplinas que dispõem de monitores, os processos seletivos para monitores bolsistas e voluntários e os horários das monitorias.</p>
<hr style="border: 1px solid #ddd" />
<h2 dir="auto"><strong>MONITORIAS EM 2026</strong></h2>
<h3 dir="auto"></h3>
<h3 dir="auto">MCTP0009 &#8211; Monitoria em Contabilidade de Custos</h3>
<div dir="auto">Professor Orientador: Maycon</div>
<div dir="auto"></div>
<div dir="auto">
<h4 dir="auto"><strong>PROCESSO SELETIVO 2026</strong></h4>
<div dir="auto"><b>Vaga destinada à ampla concorrência.</b><br />
Início das inscrições: 18/03/2026<br />
Fim das inscrições: 23/03/2026<br />
Entrevista: 25/03/2026</div>
<div dir="auto"></div>
<div dir="auto"><strong>EDITAL:</strong></div>
<div dir="auto"><a href='' class='small-button smallblue' target="_blank">Edital de Monitoria em Contabilidade de Custos</a></div>
</div>
<div dir="auto"></div>
<hr style="border: 1px solid #ddd" />
<h3 dir="auto">MCTP0007  &#8211; Monitoria em Fundamentos de Estatística Aplicada e Métodos Quantitativos Aplicados</h3>
<div dir="auto">Professora Orientadora: Monique</div>
<div dir="auto"></div>
<h4 dir="auto"><strong>PROCESSO SELETIVO 2026</strong></h4>
<div dir="auto"><b>Vaga destinada exclusivamente para alunos que ingressaram por meio de ações afirmativas.</b><br />
Início das inscrições: 16/03/2026<br />
Fim das inscrições: 19/03/2026<br />
Prova teórica: 20/03/2026 das 16:00 às 18:00 horas<br />
Entrevista: 23/03/2026 (a partir das 14:00, a confirmar)</div>
<div dir="auto"></div>
<div dir="auto"><strong>EDITAL:</strong></div>
<div dir="auto"><a href='http://mccicm.uff.br/wp-content/uploads/sites/79/2026/03/Edital_Monitoria_Estatistica_e_Metodos_Quantitativos_2026_assinado.pdf' class='small-button smallblue' target="_blank">Edital de Monitoria em Fundamentos de Estatística Aplicada e Métodos Quantitativos Aplicados</a></div>
<hr style="border: 1px solid #ddd" />
<h3 dir="auto">MCTP0006 &#8211; Monitoria em Fundamentos de Matemática Aplicada e Matemática Financeira Aplicada</h3>
<div dir="auto"> Professora Orientadora: Monique</div>
<div dir="auto"></div>
<h4 dir="auto"><strong>PROCESSO SELETIVO 2026</strong></h4>
<div dir="auto"><b>Vaga destinada à ampla concorrência.</b><br />
Início das inscrições: 16/03/2026<br />
Fim das inscrições: 19/03/2026<br />
Prova teórica: 20/03/2026 das 16:00 às 18:00 horas<br />
Entrevista: 23/03/2026 (a partir das 14:00, a confirmar)</div>
<div dir="auto"></div>
<div dir="auto"><strong>EDITAL:</strong></div>
<div dir="auto"><a href='http://mccicm.uff.br/wp-content/uploads/sites/79/2026/03/Edital_Monitoria_Matematica_e_Matematica_Financeira_2026_assinado-1.pdf' class='small-button smallblue' target="_blank">Edital de Monitoria em Fundamentos de Matemática Aplicada e matemática Financeira Aplicada</a></div>
<hr style="border: 1px solid #ddd" />
<h3 dir="auto"> MCTP0005 &#8211; Contabilidade Tributária</h3>
<div dir="auto">Professora Orientadora: Millena</div>
<div dir="auto"></div>
<div dir="auto">
<h4 dir="auto"><strong>PROCESSO SELETIVO 2026</strong></h4>
<div dir="auto"><b>Vaga destinada exclusivamente para alunos que ingressaram por meio de ações afirmativas.</b><br />
Início das inscrições: 06/04/2026<br />
Fim das inscrições: 10/04/2026<br />
Entrevista: 14/04/2026 (a partir das 15:00, a confirmar)</div>
<div dir="auto"></div>
<div dir="auto"><strong>EDITAL:</strong></div>
</div>
<div dir="auto"><a href='http://mccicm.uff.br/wp-content/uploads/sites/79/2026/03/Contabilidade_Tributaria_v1.pdf' class='small-button smallblue' target="_blank">Edital de Monitoria em Contabilidade Tributária</a></div>
<hr style="border: 1px solid #ddd" />
<h3 dir="auto"> MCTP0004 &#8211; Economia</h3>
<div dir="auto"> Professor Orientador: Carlos Renato</div>
<div dir="auto">Sem monitor</div>
<div dir="auto"></div>
<hr style="border: 1px solid #ddd" />
<h3 dir="auto"> MCTA0002  &#8211; Contabilidade Comercial e Contabilidade Geral</h3>
<div dir="auto"> Professor Orientador: Gabriel</div>
<div dir="auto">Sem monitor</div>
<div dir="auto"></div>
<hr style="border: 1px solid #ddd" />
<h3 dir="auto">MCTA0001 &#8211; Introdução à Contabilidade e Contabilidade Financeira</h3>
<div dir="auto"><b>Vaga destinada exclusivamente para alunos que ingressaram por meio de ações afirmativas.</b><br />
Início das inscrições: 23/03/2026<br />
Fim das inscrições: 26/03/2026<br />
Entrevista: 31/03/2026</div>
<div dir="auto"></div>
<div dir="auto"><strong>EDITAL:</strong></div>
<div dir="auto">Professora Orientadora: Michele</div>
<div dir="auto"><a href='http://mccicm.uff.br/wp-content/uploads/sites/79/2026/03/Edital_4.2026_Monitoria_Contabilidade_Introdutoria_e_Contabilidade_Financeira.pdf' class='small-button smallblue' target="_blank">Edital de Monitoria em Introdução à Contabilidade e Contabilidade Financeira</a></div>

<p>A monitoria na UFF é uma atividade acadêmica que integra estudantes de graduação ao processo de ensino, permitindo que atuem como colaboradores no apoio às disciplinas, sob orientação de docentes. Seu objetivo é fortalecer a formação acadêmica, estimular o desenvolvimento de habilidades didáticas e aprofundar conhecimentos teóricos e práticos. Por meio da monitoria, a universidade [&hellip;]</p>
