{"id":619,"date":"2026-02-26T21:54:33","date_gmt":"2026-02-27T00:54:33","guid":{"rendered":"https:\/\/mccicm.uff.br\/?page_id=619"},"modified":"2026-03-10T19:09:47","modified_gmt":"2026-03-10T22:09:47","slug":"graduacao","status":"publish","type":"page","link":"https:\/\/mccicm.uff.br\/?page_id=619","title":{"rendered":"GRADUA\u00c7\u00c3O"},"content":{"rendered":"<p><!--StartFragment --><\/p>\n<h1>\ud83c\udf93Bem-vindo(a) \u00e0 Gradua\u00e7\u00e3o da UFF<\/h1>\n<p>A Gradua\u00e7\u00e3o da Universidade Federal Fluminense representa o in\u00edcio da trajet\u00f3ria acad\u00eamica de milhares de estudantes que buscam forma\u00e7\u00e3o de excel\u00eancia, compromisso p\u00fablico e desenvolvimento profissional. Nossos cursos s\u00e3o estruturados para oferecer uma forma\u00e7\u00e3o s\u00f3lida, atualizada e alinhada \u00e0s demandas sociais, cient\u00edficas e tecnol\u00f3gicas, sempre orientados pelos princ\u00edpios de qualidade, \u00e9tica e responsabilidade.<\/p>\n<p>A UFF organiza seus cursos de gradua\u00e7\u00e3o de acordo com o <strong>Regulamento dos Cursos de Gradua\u00e7\u00e3o<\/strong>, aprovado pelo Conselho de Ensino e Pesquisa, que estabelece diretrizes para curr\u00edculo, matr\u00edcula, avalia\u00e7\u00e3o, mobilidade acad\u00eamica, aproveitamento de estudos e demais procedimentos essenciais \u00e0 vida universit\u00e1ria. Esse regulamento assegura transpar\u00eancia, padroniza\u00e7\u00e3o e seguran\u00e7a acad\u00eamica para toda a comunidade estudantil.<\/p>\n<p>Nesta aba, voc\u00ea encontrar\u00e1 informa\u00e7\u00f5es sobre o funcionamento do curso, orienta\u00e7\u00f5es acad\u00eamicas, documentos importantes, procedimentos administrativos e canais de atendimento da coordena\u00e7\u00e3o. Nosso objetivo \u00e9 apoiar sua trajet\u00f3ria, facilitar seu percurso formativo e garantir que voc\u00ea tenha acesso a tudo o que precisa para aproveitar plenamente sua experi\u00eancia na UFF.<\/p>\n<hr \/>\n<p>&nbsp;<\/p>\n<p><!--EndFragment --><\/p>\n","protected":false},"excerpt":{"rendered":"<p>\ud83c\udf93Bem-vindo(a) \u00e0 Gradua\u00e7\u00e3o da UFF A Gradua\u00e7\u00e3o da Universidade Federal Fluminense representa o in\u00edcio da trajet\u00f3ria acad\u00eamica de milhares de estudantes que buscam forma\u00e7\u00e3o de excel\u00eancia, compromisso p\u00fablico e desenvolvimento profissional. Nossos cursos s\u00e3o estruturados para oferecer uma forma\u00e7\u00e3o s\u00f3lida, atualizada e alinhada \u00e0s demandas sociais, cient\u00edficas e tecnol\u00f3gicas, sempre orientados pelos princ\u00edpios de qualidade, [&hellip;]<\/p>\n","protected":false},"author":106,"featured_media":0,"parent":0,"menu_order":0,"comment_status":"closed","ping_status":"closed","template":"","meta":{"_et_pb_use_builder":"","_et_pb_old_content":"","_et_gb_content_width":"","footnotes":""},"class_list":["post-619","page","type-page","status-publish","hentry"],"_links":{"self":[{"href":"https:\/\/mccicm.uff.br\/index.php?rest_route=\/wp\/v2\/pages\/619","targetHints":{"allow":["GET"]}}],"collection":[{"href":"https:\/\/mccicm.uff.br\/index.php?rest_route=\/wp\/v2\/pages"}],"about":[{"href":"https:\/\/mccicm.uff.br\/index.php?rest_route=\/wp\/v2\/types\/page"}],"author":[{"embeddable":true,"href":"https:\/\/mccicm.uff.br\/index.php?rest_route=\/wp\/v2\/users\/106"}],"replies":[{"embeddable":true,"href":"https:\/\/mccicm.uff.br\/index.php?rest_route=%2Fwp%2Fv2%2Fcomments&post=619"}],"version-history":[{"count":3,"href":"https:\/\/mccicm.uff.br\/index.php?rest_route=\/wp\/v2\/pages\/619\/revisions"}],"predecessor-version":[{"id":931,"href":"https:\/\/mccicm.uff.br\/index.php?rest_route=\/wp\/v2\/pages\/619\/revisions\/931"}],"wp:attachment":[{"href":"https:\/\/mccicm.uff.br\/index.php?rest_route=%2Fwp%2Fv2%2Fmedia&parent=619"}],"curies":[{"name":"wp","href":"https:\/\/api.w.org\/{rel}","templated":true}]}}