{"id":138,"date":"2024-09-18T09:15:11","date_gmt":"2024-09-18T12:15:11","guid":{"rendered":"https:\/\/mccicm.uff.br\/?page_id=138"},"modified":"2026-02-26T22:26:57","modified_gmt":"2026-02-27T01:26:57","slug":"revistas-eletronicas-de-contabilidade","status":"publish","type":"page","link":"https:\/\/mccicm.uff.br\/?page_id=138","title":{"rendered":"Revistas Eletr\u00f4nicas de Contabilidade"},"content":{"rendered":"\r\n<p><strong>A tecnologia da informa\u00e7\u00e3o e a internet se tornaram excelentes fontes de pesquisa para o mundo profissional e para o mundo acad\u00eamico.\u00a0<\/strong><strong>A rapidez, conforto, conveni\u00eancia e in\u00fameras de fontes \u00a0de informa\u00e7\u00f5es est\u00e3o dispon\u00edveis entre elas, onde \u00e9 oferecida a possibilidade aos Contadores, T\u00e9cnicos em Contabilidade, Acad\u00eamicos, Estudantes, e ao P\u00fablico em Geral, de obter, em um \u00fanico portal, acesso a fontes confi\u00e1veis de pesquisa, sem custos e de forma conveniente nos\u00a0peri\u00f3dicos cient\u00edficos em Contabilidade e Gest\u00e3o.<\/strong><\/p>\r\n\r\n\r\n\r\n<p>Quer acessar? Clique\u00a0<a href=\"http:\/\/www.atena.org.br\/revista\/ojs-2.2.3-06\/index.php\">AQUI<\/a>.<\/p>\r\n","protected":false},"excerpt":{"rendered":"<p>A tecnologia da informa\u00e7\u00e3o e a internet se tornaram excelentes fontes de pesquisa para o mundo profissional e para o mundo acad\u00eamico.\u00a0A rapidez, conforto, conveni\u00eancia e in\u00fameras de fontes \u00a0de informa\u00e7\u00f5es est\u00e3o dispon\u00edveis entre elas, onde \u00e9 oferecida a possibilidade aos Contadores, T\u00e9cnicos em Contabilidade, Acad\u00eamicos, Estudantes, e ao P\u00fablico em Geral, de obter, em [&hellip;]<\/p>\n","protected":false},"author":106,"featured_media":0,"parent":631,"menu_order":0,"comment_status":"closed","ping_status":"closed","template":"","meta":{"_et_pb_use_builder":"off","_et_pb_old_content":"","_et_gb_content_width":"","footnotes":""},"class_list":["post-138","page","type-page","status-publish","hentry"],"_links":{"self":[{"href":"https:\/\/mccicm.uff.br\/index.php?rest_route=\/wp\/v2\/pages\/138","targetHints":{"allow":["GET"]}}],"collection":[{"href":"https:\/\/mccicm.uff.br\/index.php?rest_route=\/wp\/v2\/pages"}],"about":[{"href":"https:\/\/mccicm.uff.br\/index.php?rest_route=\/wp\/v2\/types\/page"}],"author":[{"embeddable":true,"href":"https:\/\/mccicm.uff.br\/index.php?rest_route=\/wp\/v2\/users\/106"}],"replies":[{"embeddable":true,"href":"https:\/\/mccicm.uff.br\/index.php?rest_route=%2Fwp%2Fv2%2Fcomments&post=138"}],"version-history":[{"count":2,"href":"https:\/\/mccicm.uff.br\/index.php?rest_route=\/wp\/v2\/pages\/138\/revisions"}],"predecessor-version":[{"id":637,"href":"https:\/\/mccicm.uff.br\/index.php?rest_route=\/wp\/v2\/pages\/138\/revisions\/637"}],"up":[{"embeddable":true,"href":"https:\/\/mccicm.uff.br\/index.php?rest_route=\/wp\/v2\/pages\/631"}],"wp:attachment":[{"href":"https:\/\/mccicm.uff.br\/index.php?rest_route=%2Fwp%2Fv2%2Fmedia&parent=138"}],"curies":[{"name":"wp","href":"https:\/\/api.w.org\/{rel}","templated":true}]}}